[INFO] cloning repository https://github.com/awi11s/rust-service
[INFO] running `Command { std: "git" "-c" "credential.helper=" "-c" "credential.helper=/workspace/cargo-home/bin/git-credential-null" "clone" "--bare" "https://github.com/awi11s/rust-service" "/workspace/cache/git-repos/https%3A%2F%2Fgithub.com%2Fawi11s%2Frust-service", kill_on_drop: false }`
[INFO] [stderr] Cloning into bare repository '/workspace/cache/git-repos/https%3A%2F%2Fgithub.com%2Fawi11s%2Frust-service'...
[INFO] running `Command { std: "git" "rev-parse" "HEAD", kill_on_drop: false }`
[INFO] [stdout] e4ee59036e0cfba5aeb2f6662e76a5e2f57b2db2
[INFO] checking awi11s/rust-service against master#e6e4f7ed1589e03bc2f6c5931c1a72e7947e8682 for beta-170-4
[INFO] running `Command { std: "git" "clone" "/workspace/cache/git-repos/https%3A%2F%2Fgithub.com%2Fawi11s%2Frust-service" "/workspace/builds/worker-6-tc2/source", kill_on_drop: false }`
[INFO] [stderr] Cloning into '/workspace/builds/worker-6-tc2/source'...
[INFO] [stderr] done.
[INFO] validating manifest of git repo https://github.com/awi11s/rust-service on toolchain e6e4f7ed1589e03bc2f6c5931c1a72e7947e8682
[INFO] running `Command { std: CARGO_HOME="/workspace/cargo-home" RUSTUP_HOME="/workspace/rustup-home" "/workspace/cargo-home/bin/cargo" "+e6e4f7ed1589e03bc2f6c5931c1a72e7947e8682" "metadata" "--manifest-path" "Cargo.toml" "--no-deps", kill_on_drop: false }`
[INFO] started tweaking git repo https://github.com/awi11s/rust-service
[INFO] finished tweaking git repo https://github.com/awi11s/rust-service
[INFO] tweaked toml for git repo https://github.com/awi11s/rust-service written to /workspace/builds/worker-6-tc2/source/Cargo.toml
[INFO] crate git repo https://github.com/awi11s/rust-service already has a lockfile, it will not be regenerated
[INFO] running `Command { std: CARGO_HOME="/workspace/cargo-home" RUSTUP_HOME="/workspace/rustup-home" "/workspace/cargo-home/bin/cargo" "+e6e4f7ed1589e03bc2f6c5931c1a72e7947e8682" "fetch" "--manifest-path" "Cargo.toml", kill_on_drop: false }`
[INFO] running `Command { std: "docker" "create" "-v" "/var/lib/crater-agent-workspace/builds/worker-6-tc2/target:/opt/rustwide/target:rw,Z" "-v" "/var/lib/crater-agent-workspace/builds/worker-6-tc2/source:/opt/rustwide/workdir:ro,Z" "-v" "/var/lib/crater-agent-workspace/cargo-home:/opt/rustwide/cargo-home:ro,Z" "-v" "/var/lib/crater-agent-workspace/rustup-home:/opt/rustwide/rustup-home:ro,Z" "-e" "SOURCE_DIR=/opt/rustwide/workdir" "-e" "CARGO_TARGET_DIR=/opt/rustwide/target" "-e" "CARGO_HOME=/opt/rustwide/cargo-home" "-e" "RUSTUP_HOME=/opt/rustwide/rustup-home" "-w" "/opt/rustwide/workdir" "-m" "1610612736" "--user" "0:0" "--network" "none" "ghcr.io/rust-lang/crates-build-env/linux@sha256:19e73879b68f455e41552ea35293514db52ea292d993f571636dbffedb77a1ee" "/opt/rustwide/cargo-home/bin/cargo" "+e6e4f7ed1589e03bc2f6c5931c1a72e7947e8682" "metadata" "--no-deps" "--format-version=1", kill_on_drop: false }`
[INFO] [stdout] 3079e3b512af29d5132fb264f98fa092378a872283211becdef792e59f9ffaf4
[INFO] running `Command { std: "docker" "start" "-a" "3079e3b512af29d5132fb264f98fa092378a872283211becdef792e59f9ffaf4", kill_on_drop: false }`
[INFO] running `Command { std: "docker" "inspect" "3079e3b512af29d5132fb264f98fa092378a872283211becdef792e59f9ffaf4", kill_on_drop: false }`
[INFO] running `Command { std: "docker" "rm" "-f" "3079e3b512af29d5132fb264f98fa092378a872283211becdef792e59f9ffaf4", kill_on_drop: false }`
[INFO] [stdout] 3079e3b512af29d5132fb264f98fa092378a872283211becdef792e59f9ffaf4
[INFO] running `Command { std: "docker" "create" "-v" "/var/lib/crater-agent-workspace/builds/worker-6-tc2/target:/opt/rustwide/target:rw,Z" "-v" "/var/lib/crater-agent-workspace/builds/worker-6-tc2/source:/opt/rustwide/workdir:ro,Z" "-v" "/var/lib/crater-agent-workspace/cargo-home:/opt/rustwide/cargo-home:ro,Z" "-v" "/var/lib/crater-agent-workspace/rustup-home:/opt/rustwide/rustup-home:ro,Z" "-e" "SOURCE_DIR=/opt/rustwide/workdir" "-e" "CARGO_TARGET_DIR=/opt/rustwide/target" "-e" "CARGO_INCREMENTAL=0" "-e" "RUST_BACKTRACE=full" "-e" "RUSTFLAGS=--cap-lints=forbid" "-e" "RUSTDOCFLAGS=--cap-lints=forbid" "-e" "CARGO_HOME=/opt/rustwide/cargo-home" "-e" "RUSTUP_HOME=/opt/rustwide/rustup-home" "-w" "/opt/rustwide/workdir" "-m" "1610612736" "--user" "0:0" "--network" "none" "ghcr.io/rust-lang/crates-build-env/linux@sha256:19e73879b68f455e41552ea35293514db52ea292d993f571636dbffedb77a1ee" "/opt/rustwide/cargo-home/bin/cargo" "+e6e4f7ed1589e03bc2f6c5931c1a72e7947e8682" "check" "--frozen" "--all" "--all-targets" "--message-format=json", kill_on_drop: false }`
[INFO] [stdout] 93c111cb8aecd15dc8872df24da4d39b0f5cec7dd9faf00dd5e4afe63c7fe4d5
[INFO] running `Command { std: "docker" "start" "-a" "93c111cb8aecd15dc8872df24da4d39b0f5cec7dd9faf00dd5e4afe63c7fe4d5", kill_on_drop: false }`
[INFO] [stderr]    Compiling syn v1.0.81
[INFO] [stderr]    Compiling libc v0.2.106
[INFO] [stderr]    Compiling log v0.4.14
[INFO] [stderr]    Compiling futures-util v0.3.17
[INFO] [stderr]     Checking bytes v0.5.6
[INFO] [stderr]     Checking pin-project-lite v0.1.12
[INFO] [stderr]    Compiling pin-project-internal v0.4.28
[INFO] [stderr]    Compiling serde_derive v1.0.130
[INFO] [stderr]    Compiling convert_case v0.4.0
[INFO] [stderr]    Compiling serde v1.0.130
[INFO] [stderr]    Compiling standback v0.2.17
[INFO] [stderr]    Compiling typenum v1.14.0
[INFO] [stderr]    Compiling generic-array v0.14.4
[INFO] [stderr]     Checking either v1.6.1
[INFO] [stderr]     Checking ppv-lite86 v0.2.15
[INFO] [stderr]    Compiling async-trait v0.1.51
[INFO] [stderr]    Compiling const_fn v0.4.8
[INFO] [stderr]    Compiling brotli-sys v0.3.2
[INFO] [stderr]    Compiling time v0.2.27
[INFO] [stderr]    Compiling miniz_oxide v0.4.4
[INFO] [stderr]    Compiling indexmap v1.7.0
[INFO] [stderr]    Compiling crc32fast v1.2.1
[INFO] [stderr]     Checking iovec v0.1.4
[INFO] [stderr]     Checking net2 v0.2.37
[INFO] [stderr]     Checking signal-hook-registry v1.4.0
[INFO] [stderr]     Checking parking_lot_core v0.8.5
[INFO] [stderr]     Checking num_cpus v1.13.0
[INFO] [stderr]     Checking getrandom v0.1.16
[INFO] [stderr]     Checking threadpool v1.8.1
[INFO] [stderr]     Checking hostname v0.3.1
[INFO] [stderr]     Checking mio v0.6.23
[INFO] [stderr]     Checking linked-hash-map v0.5.4
[INFO] [stderr]     Checking rand_core v0.5.1
[INFO] [stderr]     Checking parking_lot v0.11.2
[INFO] [stderr]     Checking resolv-conf v0.7.0
[INFO] [stderr]     Checking lru-cache v0.1.2
[INFO] [stderr]     Checking rand_chacha v0.2.2
[INFO] [stderr]     Checking tracing v0.1.29
[INFO] [stderr]     Checking rand v0.7.3
[INFO] [stderr]    Compiling cookie v0.14.4
[INFO] [stderr]    Compiling unicode-xid v0.0.4
[INFO] [stderr]    Compiling synom v0.11.3
[INFO] [stderr]     Checking mio-uds v0.6.8
[INFO] [stderr]     Checking tokio v0.2.25
[INFO] [stderr]    Compiling memchr v2.4.1
[INFO] [stderr]    Compiling ucd-util v0.1.8
[INFO] [stderr]     Checking digest v0.9.0
[INFO] [stderr]     Checking block-buffer v0.9.0
[INFO] [stderr]     Checking cpufeatures v0.2.1
[INFO] [stderr]    Compiling regex v0.2.11
[INFO] [stderr]    Compiling quote v0.3.15
[INFO] [stderr]     Checking flate2 v1.0.22
[INFO] [stderr]     Checking sha-1 v0.9.8
[INFO] [stderr]    Compiling aho-corasick v0.6.10
[INFO] [stderr]    Compiling syn v0.11.11
[INFO] [stderr]    Compiling regex-syntax v0.5.6
[INFO] [stderr]    Compiling thread_local v0.3.6
[INFO] [stderr]     Checking socket2 v0.3.19
[INFO] [stderr]    Compiling pq-sys v0.4.6
[INFO] [stderr]     Checking language-tags v0.2.2
[INFO] [stderr]    Compiling utf8-ranges v1.0.4
[INFO] [stderr]     Checking bytestring v1.0.0
[INFO] [stderr]    Compiling ryu v1.0.5
[INFO] [stderr]    Compiling itoa v0.4.8
[INFO] [stderr]    Compiling error-chain v0.10.0
[INFO] [stderr]    Compiling byteorder v1.4.3
[INFO] [stderr]     Checking atty v0.2.14
[INFO] [stderr]     Checking termcolor v1.1.2
[INFO] [stderr]    Compiling diesel v0.16.0
[INFO] [stderr]     Checking env_logger v0.9.0
[INFO] [stderr]     Checking tokio-util v0.3.1
[INFO] [stderr]    Compiling derive-error-chain v0.10.1
[INFO] [stderr]    Compiling dotenv v0.10.1
[INFO] [stderr]     Checking brotli2 v0.3.2
[INFO] [stderr]    Compiling futures-macro v0.3.17
[INFO] [stderr]    Compiling derive_more v0.99.16
[INFO] [stderr]    Compiling actix-macros v0.1.3
[INFO] [stderr]    Compiling thiserror-impl v1.0.30
[INFO] [stderr]    Compiling pin-project-internal v1.0.8
[INFO] [stderr]    Compiling time-macros-impl v0.1.2
[INFO] [stderr]    Compiling enum-as-inner v0.3.3
[INFO] [stderr]     Checking time-macros v0.1.1
[INFO] [stderr]     Checking thiserror v1.0.30
[INFO] [stderr]    Compiling diesel_derives v1.4.1
[INFO] [stderr]     Checking pin-project v1.0.8
[INFO] [stderr]     Checking tracing-futures v0.2.5
[INFO] [stderr]    Compiling actix-web-codegen v0.4.0
[INFO] [stderr]     Checking pin-project v0.4.28
[INFO] [stderr]     Checking actix-codec v0.3.0
[INFO] [stderr]     Checking actix-threadpool v0.3.3
[INFO] [stderr]     Checking actix-service v1.0.6
[INFO] [stderr]     Checking actix-rt v1.1.1
[INFO] [stderr]     Checking futures v0.3.17
[INFO] [stderr]     Checking trust-dns-proto v0.19.7
[INFO] [stderr]     Checking h2 v0.2.7
[INFO] [stderr]     Checking actix-utils v2.0.0
[INFO] [stderr]     Checking actix-server v1.0.4
[INFO] [stderr]     Checking actix-tls v2.0.0
[INFO] [stderr]     Checking actix-testing v1.0.1
[INFO] [stderr]     Checking diesel v1.4.8
[INFO] [stderr]     Checking trust-dns-resolver v0.19.7
[INFO] [stderr]     Checking actix-connect v2.0.0
[INFO] [stderr]     Checking serde_urlencoded v0.7.0
[INFO] [stderr]     Checking serde_json v1.0.68
[INFO] [stderr]     Checking actix-router v0.2.7
[INFO] [stderr]     Checking actix-http v2.2.1
[INFO] [stderr]    Compiling diesel_codegen v0.16.1
[INFO] [stderr]     Checking awc v2.0.3
[INFO] [stderr]     Checking actix-web v3.3.2
[INFO] [stderr]     Checking beg-rust-app v0.1.0 (/opt/rustwide/workdir)
[INFO] [stdout] error[E0433]: failed to resolve: use of undeclared crate or module `schema`
[INFO] [stdout]   --> src/endpoints.rs:45:9
[INFO] [stdout]    |
[INFO] [stdout] 45 |     use schema::songs::dsl::*;
[INFO] [stdout]    |         ^^^^^^ use of undeclared crate or module `schema`
[INFO] [stdout] 
[INFO] [stdout] 
[INFO] [stdout] error[E0432]: unresolved import `diesel::r2d2`
[INFO] [stdout]   --> src/endpoints.rs:11:5
[INFO] [stdout]    |
[INFO] [stdout] 11 |     r2d2::{ ConnectionManager, Pool },
[INFO] [stdout]    |     ^^^^ could not find `r2d2` in `diesel`
[INFO] [stdout] 
[INFO] [stdout] 
[INFO] [stdout] error[E0433]: failed to resolve: use of undeclared crate or module `schema`
[INFO] [stdout]   --> src/endpoints.rs:45:9
[INFO] [stdout]    |
[INFO] [stdout] 45 |     use schema::songs::dsl::*;
[INFO] [stdout]    |         ^^^^^^ use of undeclared crate or module `schema`
[INFO] [stdout] 
[INFO] [stdout] 
[INFO] [stdout] error[E0432]: unresolved import `diesel::r2d2`
[INFO] [stdout]   --> src/endpoints.rs:11:5
[INFO] [stdout]    |
[INFO] [stdout] 11 |     r2d2::{ ConnectionManager, Pool },
[INFO] [stdout]    |     ^^^^ could not find `r2d2` in `diesel`
[INFO] [stdout] 
[INFO] [stdout] 
[INFO] [stdout] error[E0425]: cannot find value `user` in this scope
[INFO] [stdout]   --> src/endpoints.rs:27:68
[INFO] [stdout]    |
[INFO] [stdout] 27 |     let user = web::block(move || actions::insert_new_user(&conn, &user))
[INFO] [stdout]    |                                                                    ^^^^ not found in this scope
[INFO] [stdout] 
[INFO] [stdout] 
[INFO] [stdout] error[E0425]: cannot find value `vuln_id` in this scope
[INFO] [stdout]   --> src/endpoints.rs:59:86
[INFO] [stdout]    |
[INFO] [stdout] 59 |         let res = HttpResponse::NotFound().body(format!("No vuln found with id: {}", vuln_id));
[INFO] [stdout]    |                                                                                      ^^^^^^^ not found in this scope
[INFO] [stdout] 
[INFO] [stdout] 
[INFO] [stdout] error[E0425]: cannot find value `user` in this scope
[INFO] [stdout]   --> src/endpoints.rs:27:68
[INFO] [stdout]    |
[INFO] [stdout] 27 |     let user = web::block(move || actions::insert_new_user(&conn, &user))
[INFO] [stdout]    |                                                                    ^^^^ not found in this scope
[INFO] [stdout] 
[INFO] [stdout] 
[INFO] [stdout] warning: unused import: `Error`
[INFO] [stdout]  --> src/endpoints.rs:6:5
[INFO] [stdout]   |
[INFO] [stdout] 6 |     Error,
[INFO] [stdout]   |     ^^^^^
[INFO] [stdout]   |
[INFO] [stdout]   = note: `#[warn(unused_imports)]` on by default
[INFO] [stdout] 
[INFO] [stdout] 
[INFO] [stdout] warning: unused import: `prelude::*`
[INFO] [stdout]   --> src/endpoints.rs:12:5
[INFO] [stdout]    |
[INFO] [stdout] 12 |     prelude::*,
[INFO] [stdout]    |     ^^^^^^^^^^
[INFO] [stdout] 
[INFO] [stdout] 
[INFO] [stdout] error[E0425]: cannot find value `vuln_id` in this scope
[INFO] [stdout]   --> src/endpoints.rs:59:86
[INFO] [stdout]    |
[INFO] [stdout] 59 |         let res = HttpResponse::NotFound().body(format!("No vuln found with id: {}", vuln_id));
[INFO] [stdout]    |                                                                                      ^^^^^^^ not found in this scope
[INFO] [stdout] 
[INFO] [stdout] 
[INFO] [stdout] warning: unused import: `Error`
[INFO] [stdout]  --> src/endpoints.rs:6:5
[INFO] [stdout]   |
[INFO] [stdout] 6 |     Error,
[INFO] [stdout]   |     ^^^^^
[INFO] [stdout]   |
[INFO] [stdout]   = note: `#[warn(unused_imports)]` on by default
[INFO] [stdout] 
[INFO] [stdout] 
[INFO] [stdout] warning: unused import: `prelude::*`
[INFO] [stdout]   --> src/endpoints.rs:12:5
[INFO] [stdout]    |
[INFO] [stdout] 12 |     prelude::*,
[INFO] [stdout]    |     ^^^^^^^^^^
[INFO] [stdout] 
[INFO] [stdout] 
[INFO] [stdout] warning: unnecessary parentheses around type
[INFO] [stdout]   --> src/endpoints.rs:21:21
[INFO] [stdout]    |
[INFO] [stdout] 21 |     name: web::Path<(String)>
[INFO] [stdout]    |                     ^      ^
[INFO] [stdout]    |
[INFO] [stdout]    = note: `#[warn(unused_parens)]` on by default
[INFO] [stdout] help: remove these parentheses
[INFO] [stdout]    |
[INFO] [stdout] 21 -     name: web::Path<(String)>
[INFO] [stdout] 21 +     name: web::Path<String>
[INFO] [stdout]    |
[INFO] [stdout] 
[INFO] [stdout] 
[INFO] [stdout] warning: unnecessary parentheses around type
[INFO] [stdout]   --> src/endpoints.rs:21:21
[INFO] [stdout]    |
[INFO] [stdout] 21 |     name: web::Path<(String)>
[INFO] [stdout]    |                     ^      ^
[INFO] [stdout]    |
[INFO] [stdout]    = note: `#[warn(unused_parens)]` on by default
[INFO] [stdout] help: remove these parentheses
[INFO] [stdout]    |
[INFO] [stdout] 21 -     name: web::Path<(String)>
[INFO] [stdout] 21 +     name: web::Path<String>
[INFO] [stdout]    |
[INFO] [stdout] 
[INFO] [stdout] 
[INFO] [stdout] error[E0433]: failed to resolve: use of undeclared crate or module `actions`
[INFO] [stdout]   --> src/endpoints.rs:27:35
[INFO] [stdout]    |
[INFO] [stdout] 27 |     let user = web::block(move || actions::insert_new_user(&conn, &user))
[INFO] [stdout]    |                                   ^^^^^^^ use of undeclared crate or module `actions`
[INFO] [stdout] 
[INFO] [stdout] 
[INFO] [stdout] error[E0433]: failed to resolve: use of undeclared crate or module `actions`
[INFO] [stdout]   --> src/endpoints.rs:27:35
[INFO] [stdout]    |
[INFO] [stdout] 27 |     let user = web::block(move || actions::insert_new_user(&conn, &user))
[INFO] [stdout]    |                                   ^^^^^^^ use of undeclared crate or module `actions`
[INFO] [stdout] 
[INFO] [stdout] 
[INFO] [stdout] error[E0433]: failed to resolve: use of undeclared crate or module `songs`
[INFO] [stdout]   --> src/endpoints.rs:50:44
[INFO] [stdout]    |
[INFO] [stdout] 50 |     let vulnerability = web::block(move || songs::insert_new_song(&conn, &song_id))
[INFO] [stdout]    |                                            ^^^^^ use of undeclared crate or module `songs`
[INFO] [stdout] 
[INFO] [stdout] 
[INFO] [stdout] error[E0433]: failed to resolve: use of undeclared crate or module `songs`
[INFO] [stdout]   --> src/endpoints.rs:50:44
[INFO] [stdout]    |
[INFO] [stdout] 50 |     let vulnerability = web::block(move || songs::insert_new_song(&conn, &song_id))
[INFO] [stdout]    |                                            ^^^^^ use of undeclared crate or module `songs`
[INFO] [stdout] 
[INFO] [stdout] 
[INFO] [stdout] error: aborting due to 6 previous errors; 3 warnings emitted
[INFO] [stdout] 
[INFO] [stdout] 
[INFO] [stdout] Some errors have detailed explanations: E0425, E0432, E0433.
[INFO] [stdout] 
[INFO] [stdout] For more information about an error, try `rustc --explain E0425`.
[INFO] [stdout] 
[INFO] [stdout] error: aborting due to 6 previous errors; 3 warnings emitted
[INFO] [stdout] 
[INFO] [stdout] 
[INFO] [stdout] Some errors have detailed explanations: E0425, E0432, E0433.
[INFO] [stdout] 
[INFO] [stdout] For more information about an error, try `rustc --explain E0425`.
[INFO] [stdout] 
[INFO] [stderr] error: could not compile `beg-rust-app` (bin "beg-rust-app") due to 7 previous errors; 3 warnings emitted
[INFO] [stderr] warning: build failed, waiting for other jobs to finish...
[INFO] [stderr] error: could not compile `beg-rust-app` (bin "beg-rust-app" test) due to 7 previous errors; 3 warnings emitted
[INFO] running `Command { std: "docker" "inspect" "93c111cb8aecd15dc8872df24da4d39b0f5cec7dd9faf00dd5e4afe63c7fe4d5", kill_on_drop: false }`
[INFO] running `Command { std: "docker" "rm" "-f" "93c111cb8aecd15dc8872df24da4d39b0f5cec7dd9faf00dd5e4afe63c7fe4d5", kill_on_drop: false }`
[INFO] [stdout] 93c111cb8aecd15dc8872df24da4d39b0f5cec7dd9faf00dd5e4afe63c7fe4d5
